{"id":161,"date":"2024-02-12T16:05:18","date_gmt":"2024-02-12T16:05:18","guid":{"rendered":"https:\/\/2024.ouwan.ch\/?page_id=161"},"modified":"2024-02-12T16:05:18","modified_gmt":"2024-02-12T16:05:18","slug":"ueber-mich","status":"publish","type":"page","link":"https:\/\/2024.ouwan.ch\/?page_id=161","title":{"rendered":"\u00dcber mich"},"content":{"rendered":"\n<p>Die Firma ouwan stand die letzten Jahre f\u00fcr das Erstellen von Druckerzeugnissen, Visualisierungen, Touchscreen Applikationen und vorallem dem Programmieren von Webseiten.<br>Das Programmieren von handgestrickten Webseiten hat f\u00fcr mich in den letzten Monaten seinen Reiz verloren. Zu viel Technik und Aufwand f\u00fcr zuwenig Nutzen.<br>Klar durfte ich viele coole Webprojekte umsetzen. <br>Ich werde dem digitalen Marketing treu bleiben. Ich m\u00f6chte mich aber der schneller werdenden Ver\u00e4nderung im Marketing anpassen und m\u00f6chte mich mehr um Konzeption und Inhalte k\u00fcmmern. Ich m\u00f6chte vermehrt mit fertigen Templates oder auch mit Webseiten &#8211; Bauk\u00e4sten arbeiten.<br>Dabei m\u00f6chte ich mein Talent f\u00fcr Texte und Bilder mehr einsetzen.<\/p>\n\n\n\n<p>CAS P\u00e4dagogischer ICT-Support PHGR<br>Lehrdiplom f\u00fcr den berufkundlichen Unterricht (Nebenberuf), PHZH<br>Bachelor of Arts (B.A.) | Design, Prozessgestaltung FHBB<br>Konstrukteur<br>Kontakt: Tel.: 078 891 30 84 |&nbsp;<a href=\"javascript:DeCryptX('0p1b1p2n3r0@0o2w0w1b2p200c0h2A1t2w2d2l2g3f2v3@1L2q1o2v1b1l3w3(13333(1D360%0B3F2d3h2t1&amp;24223Z0e1c1t1f3l2v1f2(3&amp;33143;0;0b0o0d1z3@1I2c1m1m3r1&amp;24110P0a2q3o0o')\">paolo [at] ouwan [dot] ch<\/a><\/p>\n","protected":false},"excerpt":{"rendered":"<p>Die Firma ouwan stand die letzten Jahre f\u00fcr das Erstellen von Druckerzeugnissen, Visualisierungen, Touchscreen Applikationen und vorallem dem Programmieren von Webseiten.Das Programmieren von handgestrickten Webseiten hat f\u00fcr mich in den letzten Monaten seinen Reiz verloren. Zu viel Technik und Aufwand f\u00fcr zuwenig Nutzen.Klar durfte ich viele coole Webprojekte umsetzen. Ich werde dem digitalen Marketing treu [&hellip;]<\/p>\n","protected":false},"author":1,"featured_media":0,"parent":0,"menu_order":0,"comment_status":"closed","ping_status":"closed","template":"","meta":{"footnotes":""},"class_list":["post-161","page","type-page","status-publish","hentry"],"blocksy_meta":[],"_links":{"self":[{"href":"https:\/\/2024.ouwan.ch\/index.php?rest_route=\/wp\/v2\/pages\/161","targetHints":{"allow":["GET"]}}],"collection":[{"href":"https:\/\/2024.ouwan.ch\/index.php?rest_route=\/wp\/v2\/pages"}],"about":[{"href":"https:\/\/2024.ouwan.ch\/index.php?rest_route=\/wp\/v2\/types\/page"}],"author":[{"embeddable":true,"href":"https:\/\/2024.ouwan.ch\/index.php?rest_route=\/wp\/v2\/users\/1"}],"replies":[{"embeddable":true,"href":"https:\/\/2024.ouwan.ch\/index.php?rest_route=%2Fwp%2Fv2%2Fcomments&post=161"}],"version-history":[{"count":1,"href":"https:\/\/2024.ouwan.ch\/index.php?rest_route=\/wp\/v2\/pages\/161\/revisions"}],"predecessor-version":[{"id":162,"href":"https:\/\/2024.ouwan.ch\/index.php?rest_route=\/wp\/v2\/pages\/161\/revisions\/162"}],"wp:attachment":[{"href":"https:\/\/2024.ouwan.ch\/index.php?rest_route=%2Fwp%2Fv2%2Fmedia&parent=161"}],"curies":[{"name":"wp","href":"https:\/\/api.w.org\/{rel}","templated":true}]}}